{"id":7,"date":"2018-05-21T16:48:45","date_gmt":"2018-05-21T14:48:45","guid":{"rendered":"https:\/\/www.associationafmi.com\/?page_id=7"},"modified":"2018-06-11T16:04:47","modified_gmt":"2018-06-11T14:04:47","slug":"index","status":"publish","type":"page","link":"https:\/\/www.associationafmi.com\/fr\/index\/","title":{"rendered":"Site de l\u2019Association des Amis Fran\u00e7ais du Mus\u00e9e d\u2019Isra\u00ebl"},"content":{"rendered":"<div class=\"wpb-content-wrapper\"><p>[vc_row][vc_column][dfd_spacer screen_wide_spacer_size=\u00a0\u00bb100&Prime; screen_normal_resolution=\u00a0\u00bb1024&Prime; screen_tablet_resolution=\u00a0\u00bb800&Prime; screen_mobile_resolution=\u00a0\u00bb480&Prime;][dfd_single_image image_size=\u00a0\u00bbmedium\u00a0\u00bb enable_retina=\u00a0\u00bb\u00a0\u00bb image=\u00a0\u00bb1640&Prime; tutorials=\u00a0\u00bb\u00a0\u00bb][dfd_spacer screen_wide_spacer_size=\u00a0\u00bb100&Prime; screen_normal_resolution=\u00a0\u00bb1024&Prime; screen_tablet_resolution=\u00a0\u00bb800&Prime; screen_mobile_resolution=\u00a0\u00bb480&Prime;][dfd_heading subtitle=\u00a0\u00bb \u00a0\u00bb module_animation=\u00a0\u00bbtransition.fadeIn\u00a0\u00bb enable_delimiter=\u00a0\u00bb\u00a0\u00bb undefined=\u00a0\u00bb\u00a0\u00bb title_font_options=\u00a0\u00bbtag:h1|font_size:20|color:%23a30000|line_height:30|letter_spacing:1&Prime; subtitle_font_options=\u00a0\u00bbtag:div\u00a0\u00bb title_google_fonts=\u00a0\u00bbyes\u00a0\u00bb title_custom_fonts=\u00a0\u00bbfont_family:GFS%20Didot%3Aregular\u00a0\u00bb]Site de l\u2019Association des<br \/>\nAmis Fran\u00e7ais du Mus\u00e9e d\u2019Isra\u00ebl[\/dfd_heading][dfd_spacer screen_wide_spacer_size=\u00a0\u00bb10&Prime; screen_normal_resolution=\u00a0\u00bb1024&Prime; screen_tablet_resolution=\u00a0\u00bb800&Prime; screen_mobile_resolution=\u00a0\u00bb480&Prime;][dfd_heading subtitle=\u00a0\u00bb \u00a0\u00bb enable_delimiter=\u00a0\u00bb\u00a0\u00bb undefined=\u00a0\u00bb\u00a0\u00bb title_font_options=\u00a0\u00bbtag:h2|font_size:15|color:%2327134c|line_height:20|letter_spacing:1&Prime; title_google_fonts=\u00a0\u00bbyes\u00a0\u00bb title_custom_fonts=\u00a0\u00bbfont_family:Roboto%3A100%2C100italic%2C300%2C300italic%2Cregular%2Citalic%2C500%2C500italic%2C700%2C700italic%2C900%2C900italic|font_style:300%20light%20regular%3A300%3Anormal\u00a0\u00bb subtitle_font_options=\u00a0\u00bbtag:div\u00a0\u00bb]124, avenue de Villiers 75017 Paris, France<br \/>\nTel\/Fax : +33 (0)1 47 23 58 28[\/dfd_heading][dfd_spacer screen_wide_spacer_size=\u00a0\u00bb100&Prime; screen_normal_resolution=\u00a0\u00bb1024&Prime; screen_tablet_resolution=\u00a0\u00bb800&Prime; screen_mobile_resolution=\u00a0\u00bb480&Prime;][\/vc_column][\/vc_row]<\/p>\n<\/div>","protected":false},"excerpt":{"rendered":"<p>Site de l&rsquo;Association des  Amis Fran\u00e7ais du Mus\u00e9e d&rsquo;Isra\u00ebl I 124, avenue de Villiers 75017 Paris, France I  Tel\/Fax : +33 (0)1 47 23 58 28<\/p>\n","protected":false},"author":1,"featured_media":0,"parent":0,"menu_order":0,"comment_status":"closed","ping_status":"closed","template":"","meta":{"footnotes":""},"class_list":["post-7","page","type-page","status-publish","hentry"],"yoast_head":"<!-- This site is optimized with the Yoast SEO plugin v27.0 - https:\/\/yoast.com\/product\/yoast-seo-wordpress\/ -->\n<title>Site de l\u2019Association des Amis Fran\u00e7ais du Mus\u00e9e d\u2019Isra\u00ebl - Association des Amis Fran\u00e7ais du Mus\u00e9e d&#039;Isra\u00ebll<\/title>\n<meta name=\"robots\" content=\"index, follow, max-snippet:-1, max-image-preview:large, max-video-preview:-1\" \/>\n<link rel=\"canonical\" href=\"https:\/\/www.associationafmi.com\/fr\/index\/\" \/>\n<meta property=\"og:locale\" content=\"fr_FR\" \/>\n<meta property=\"og:type\" content=\"article\" \/>\n<meta property=\"og:title\" content=\"Site de l\u2019Association des Amis Fran\u00e7ais du Mus\u00e9e d\u2019Isra\u00ebl - Association des Amis Fran\u00e7ais du Mus\u00e9e d&#039;Isra\u00ebll\" \/>\n<meta property=\"og:description\" content=\"Site de l&#039;Association des Amis Fran\u00e7ais du Mus\u00e9e d&#039;Isra\u00ebl I 124, avenue de Villiers 75017 Paris, France I Tel\/Fax : +33 (0)1 47 23 58 28\" \/>\n<meta property=\"og:url\" content=\"https:\/\/www.associationafmi.com\/fr\/index\/\" \/>\n<meta property=\"og:site_name\" content=\"Association des Amis Fran\u00e7ais du Mus\u00e9e d&#039;Isra\u00ebll\" \/>\n<meta property=\"article:modified_time\" content=\"2018-06-11T14:04:47+00:00\" \/>\n<meta name=\"twitter:card\" content=\"summary_large_image\" \/>\n<meta name=\"twitter:label1\" content=\"Dur\u00e9e de lecture estim\u00e9e\" \/>\n\t<meta name=\"twitter:data1\" content=\"1 minute\" \/>\n<script type=\"application\/ld+json\" class=\"yoast-schema-graph\">{\"@context\":\"https:\/\/schema.org\",\"@graph\":[{\"@type\":\"WebPage\",\"@id\":\"https:\/\/www.associationafmi.com\/fr\/index\/\",\"url\":\"https:\/\/www.associationafmi.com\/fr\/index\/\",\"name\":\"Site de l\u2019Association des Amis Fran\u00e7ais du Mus\u00e9e d\u2019Isra\u00ebl - Association des Amis Fran\u00e7ais du Mus\u00e9e d&#039;Isra\u00ebll\",\"isPartOf\":{\"@id\":\"https:\/\/www.associationafmi.com\/fr\/#website\"},\"datePublished\":\"2018-05-21T14:48:45+00:00\",\"dateModified\":\"2018-06-11T14:04:47+00:00\",\"breadcrumb\":{\"@id\":\"https:\/\/www.associationafmi.com\/fr\/index\/#breadcrumb\"},\"inLanguage\":\"fr-FR\",\"potentialAction\":[{\"@type\":\"ReadAction\",\"target\":[\"https:\/\/www.associationafmi.com\/fr\/index\/\"]}]},{\"@type\":\"BreadcrumbList\",\"@id\":\"https:\/\/www.associationafmi.com\/fr\/index\/#breadcrumb\",\"itemListElement\":[{\"@type\":\"ListItem\",\"position\":1,\"name\":\"Accueil\",\"item\":\"https:\/\/www.associationafmi.com\/fr\/\"},{\"@type\":\"ListItem\",\"position\":2,\"name\":\"Site de l\u2019Association des Amis Fran\u00e7ais du Mus\u00e9e d\u2019Isra\u00ebl\"}]},{\"@type\":\"WebSite\",\"@id\":\"https:\/\/www.associationafmi.com\/fr\/#website\",\"url\":\"https:\/\/www.associationafmi.com\/fr\/\",\"name\":\"Association des Amis Fran\u00e7ais du Mus\u00e9e d&#039;Isra\u00ebll\",\"description\":\"AFMI I Amis Fran\u00e7ais du Mus\u00e9e d&#039;Isra\u00ebl\",\"potentialAction\":[{\"@type\":\"SearchAction\",\"target\":{\"@type\":\"EntryPoint\",\"urlTemplate\":\"https:\/\/www.associationafmi.com\/fr\/?s={search_term_string}\"},\"query-input\":{\"@type\":\"PropertyValueSpecification\",\"valueRequired\":true,\"valueName\":\"search_term_string\"}}],\"inLanguage\":\"fr-FR\"}]}<\/script>\n<!-- \/ Yoast SEO plugin. -->","yoast_head_json":{"title":"Site de l\u2019Association des Amis Fran\u00e7ais du Mus\u00e9e d\u2019Isra\u00ebl - Association des Amis Fran\u00e7ais du Mus\u00e9e d&#039;Isra\u00ebll","robots":{"index":"index","follow":"follow","max-snippet":"max-snippet:-1","max-image-preview":"max-image-preview:large","max-video-preview":"max-video-preview:-1"},"canonical":"https:\/\/www.associationafmi.com\/fr\/index\/","og_locale":"fr_FR","og_type":"article","og_title":"Site de l\u2019Association des Amis Fran\u00e7ais du Mus\u00e9e d\u2019Isra\u00ebl - Association des Amis Fran\u00e7ais du Mus\u00e9e d&#039;Isra\u00ebll","og_description":"Site de l'Association des Amis Fran\u00e7ais du Mus\u00e9e d'Isra\u00ebl I 124, avenue de Villiers 75017 Paris, France I Tel\/Fax : +33 (0)1 47 23 58 28","og_url":"https:\/\/www.associationafmi.com\/fr\/index\/","og_site_name":"Association des Amis Fran\u00e7ais du Mus\u00e9e d&#039;Isra\u00ebll","article_modified_time":"2018-06-11T14:04:47+00:00","twitter_card":"summary_large_image","twitter_misc":{"Dur\u00e9e de lecture estim\u00e9e":"1 minute"},"schema":{"@context":"https:\/\/schema.org","@graph":[{"@type":"WebPage","@id":"https:\/\/www.associationafmi.com\/fr\/index\/","url":"https:\/\/www.associationafmi.com\/fr\/index\/","name":"Site de l\u2019Association des Amis Fran\u00e7ais du Mus\u00e9e d\u2019Isra\u00ebl - Association des Amis Fran\u00e7ais du Mus\u00e9e d&#039;Isra\u00ebll","isPartOf":{"@id":"https:\/\/www.associationafmi.com\/fr\/#website"},"datePublished":"2018-05-21T14:48:45+00:00","dateModified":"2018-06-11T14:04:47+00:00","breadcrumb":{"@id":"https:\/\/www.associationafmi.com\/fr\/index\/#breadcrumb"},"inLanguage":"fr-FR","potentialAction":[{"@type":"ReadAction","target":["https:\/\/www.associationafmi.com\/fr\/index\/"]}]},{"@type":"BreadcrumbList","@id":"https:\/\/www.associationafmi.com\/fr\/index\/#breadcrumb","itemListElement":[{"@type":"ListItem","position":1,"name":"Accueil","item":"https:\/\/www.associationafmi.com\/fr\/"},{"@type":"ListItem","position":2,"name":"Site de l\u2019Association des Amis Fran\u00e7ais du Mus\u00e9e d\u2019Isra\u00ebl"}]},{"@type":"WebSite","@id":"https:\/\/www.associationafmi.com\/fr\/#website","url":"https:\/\/www.associationafmi.com\/fr\/","name":"Association des Amis Fran\u00e7ais du Mus\u00e9e d&#039;Isra\u00ebll","description":"AFMI I Amis Fran\u00e7ais du Mus\u00e9e d&#039;Isra\u00ebl","potentialAction":[{"@type":"SearchAction","target":{"@type":"EntryPoint","urlTemplate":"https:\/\/www.associationafmi.com\/fr\/?s={search_term_string}"},"query-input":{"@type":"PropertyValueSpecification","valueRequired":true,"valueName":"search_term_string"}}],"inLanguage":"fr-FR"}]}},"_links":{"self":[{"href":"https:\/\/www.associationafmi.com\/fr\/wp-json\/wp\/v2\/pages\/7","targetHints":{"allow":["GET"]}}],"collection":[{"href":"https:\/\/www.associationafmi.com\/fr\/wp-json\/wp\/v2\/pages"}],"about":[{"href":"https:\/\/www.associationafmi.com\/fr\/wp-json\/wp\/v2\/types\/page"}],"author":[{"embeddable":true,"href":"https:\/\/www.associationafmi.com\/fr\/wp-json\/wp\/v2\/users\/1"}],"replies":[{"embeddable":true,"href":"https:\/\/www.associationafmi.com\/fr\/wp-json\/wp\/v2\/comments?post=7"}],"version-history":[{"count":0,"href":"https:\/\/www.associationafmi.com\/fr\/wp-json\/wp\/v2\/pages\/7\/revisions"}],"wp:attachment":[{"href":"https:\/\/www.associationafmi.com\/fr\/wp-json\/wp\/v2\/media?parent=7"}],"curies":[{"name":"wp","href":"https:\/\/api.w.org\/{rel}","templated":true}]}}

Site de l’Association des Amis Français du Musée d’Israël

<div class="wpb-content-wrapper"><p>[vc_row][vc_column][dfd_spacer screen_wide_spacer_size= »100&Prime; screen_normal_resolution= »1024&Prime; screen_tablet_resolution= »800&Prime; screen_mobile_resolution= »480&Prime;][dfd_single_image image_size= »medium » enable_retina= » » image= »1640&Prime; tutorials= » »][dfd_spacer screen_wide_spacer_size= »100&Prime; screen_normal_resolution= »1024&Prime; screen_tablet_resolution= »800&Prime; screen_mobile_resolution= »480&Prime;][dfd_heading subtitle= »  » module_animation= »transition.fadeIn » enable_delimiter= » » undefined= » » title_font_options= »tag:h1|font_size:20|color:%23a30000|line_height:30|letter_spacing:1&Prime; subtitle_font_options= »tag:div » title_google_fonts= »yes » title_custom_fonts= »font_family:GFS%20Didot%3Aregular »]Site de l’Association des<br />
Amis Français du Musée d’Israël[/dfd_heading][dfd_spacer screen_wide_spacer_size= »10&Prime; screen_normal_resolution= »1024&Prime; screen_tablet_resolution= »800&Prime; screen_mobile_resolution= »480&Prime;][dfd_heading subtitle= »  » enable_delimiter= » » undefined= » » title_font_options= »tag:h2|font_size:15|color:%2327134c|line_height:20|letter_spacing:1&Prime; title_google_fonts= »yes » title_custom_fonts= »font_family:Roboto%3A100%2C100italic%2C300%2C300italic%2Cregular%2Citalic%2C500%2C500italic%2C700%2C700italic%2C900%2C900italic|font_style:300%20light%20regular%3A300%3Anormal » subtitle_font_options= »tag:div »]124, avenue de Villiers 75017 Paris, France<br />
Tel/Fax : +33 (0)1 47 23 58 28[/dfd_heading][dfd_spacer screen_wide_spacer_size= »100&Prime; screen_normal_resolution= »1024&Prime; screen_tablet_resolution= »800&Prime; screen_mobile_resolution= »480&Prime;][/vc_column][/vc_row]</p>
</div>

<p>Site de l&rsquo;Association des  Amis Français du Musée d&rsquo;Israël I 124, avenue de Villiers 75017 Paris, France I  Tel/Fax : +33 (0)1 47 23 58 28</p>

<!-- This site is optimized with the Yoast SEO plugin v27.0 - https://yoast.com/product/yoast-seo-wordpress/ -->
<title>Site de l’Association des Amis Français du Musée d’Israël - Association des Amis Français du Musée d&#039;Israëll</title>
<meta name="robots" content="index, follow, max-snippet:-1, max-image-preview:large, max-video-preview:-1" />
<link rel="canonical" href="https://www.associationafmi.com/fr/index/" />
<meta property="og:locale" content="fr_FR" />
<meta property="og:type" content="article" />
<meta property="og:title" content="Site de l’Association des Amis Français du Musée d’Israël - Association des Amis Français du Musée d&#039;Israëll" />
<meta property="og:description" content="Site de l&#039;Association des Amis Français du Musée d&#039;Israël I 124, avenue de Villiers 75017 Paris, France I Tel/Fax : +33 (0)1 47 23 58 28" />
<meta property="og:url" content="https://www.associationafmi.com/fr/index/" />
<meta property="og:site_name" content="Association des Amis Français du Musée d&#039;Israëll" />
<meta property="article:modified_time" content="2018-06-11T14:04:47+00:00" />
<meta name="twitter:card" content="summary_large_image" />
<meta name="twitter:label1" content="Durée de lecture estimée" />
	<meta name="twitter:data1" content="1 minute" />
<script type="application/ld+json" class="yoast-schema-graph">{"@context":"https://schema.org","@graph":[{"@type":"WebPage","@id":"https://www.associationafmi.com/fr/index/","url":"https://www.associationafmi.com/fr/index/","name":"Site de l’Association des Amis Français du Musée d’Israël - Association des Amis Français du Musée d&#039;Israëll","isPartOf":{"@id":"https://www.associationafmi.com/fr/#website"},"datePublished":"2018-05-21T14:48:45+00:00","dateModified":"2018-06-11T14:04:47+00:00","breadcrumb":{"@id":"https://www.associationafmi.com/fr/index/#breadcrumb"},"inLanguage":"fr-FR","potentialAction":[{"@type":"ReadAction","target":["https://www.associationafmi.com/fr/index/"]}]},{"@type":"BreadcrumbList","@id":"https://www.associationafmi.com/fr/index/#breadcrumb","itemListElement":[{"@type":"ListItem","position":1,"name":"Accueil","item":"https://www.associationafmi.com/fr/"},{"@type":"ListItem","position":2,"name":"Site de l’Association des Amis Français du Musée d’Israël"}]},{"@type":"WebSite","@id":"https://www.associationafmi.com/fr/#website","url":"https://www.associationafmi.com/fr/","name":"Association des Amis Français du Musée d&#039;Israëll","description":"AFMI I Amis Français du Musée d&#039;Israël","potentialAction":[{"@type":"SearchAction","target":{"@type":"EntryPoint","urlTemplate":"https://www.associationafmi.com/fr/?s={search_term_string}"},"query-input":{"@type":"PropertyValueSpecification","valueRequired":true,"valueName":"search_term_string"}}],"inLanguage":"fr-FR"}]}</script>
<!-- / Yoast SEO plugin. -->

Site de l’Association des Amis Français du Musée d’Israël - Association des Amis Français du Musée d&#039;Israëll

Site de l'Association des Amis Français du Musée d'Israël I 124, avenue de Villiers 75017 Paris, France I Tel/Fax : +33 (0)1 47 23 58 28

Association des Amis Français du Musée d&#039;Israëll

AFMI I Amis Français du Musée d&#039;Israël
